*12*1/(-2). Let u(b) = -4 + 443*b**3 - 218*b**3 + 7*b**2 - 224*b**3 + 4*b. What is u(z)?
8
Let r(l) = 2*l + 9. Let s(a) = -6*a - 26. Let m(q) = 11*r(q) + 4*s(q). Let n = -18 - -75. Let t = n + -63. What is m(t)?
7
Let f(q) = -5*q - 2*q - 4 + 6*q. Let h(k) = 2*k + 7. Let g be h(-5). Let p be (4/(-16))/(g/60). What is f(p)?
-9
Let n(t) be the second derivative of 1/12*t**4 + 5*t + 0 - 1/6*t**3 + t**2. Let w be (-35)/(-10) - (-1)/(-2). Determine n(w).
8
Let i(h) = -h - 7. Let d be i(-5). Let g be 3/((-2)/(-8)*d). Let c(k) be the second derivative of -k**5/20 - k**4/2 - 2*k**2 + k - 64. What is c(g)?
-4
Let g(h) = -2*h - 3. Let x(a) = 4*a - 13 + a - 6*a + 11. Let n(i) = -6*g(i) + 13*x(i). Calculate n(7).
-15
Let d(j) be the second derivative of j**4/12 + 5*j**3/2 - 3*j**2/2 + 487*j. Determine d(-15).
-3
Let f be ((-48)/(-40))/(1/10). Suppose f = 3*a + 3. Let u(t) = 0 - t + a*t + 2*t - t**2 + 5. Determine u(6).
-7
Let b be 1/(-2) + (-2)/(-4). Let m(t) = t**3 + t**2 + t + 1. Let o(x) = -x - x**3 + 16*x**2 + 15*x**2 - 32*x**2. Let r(i) = 4*m(i) + 3*o(i). What is r(b)?
4
Let i(a) = -a + 2. Let d(t) = 7*t - 9. Let v(r) = d(r) + 4*i(r). Give v(-1).
-4
Let d(l) be the third derivative of l**5/60 + l**4/24 - l**3/3 - l**2. Let x(r) = -16*r + 304. Let g be x(19). Give d(g).
-2
Let r(w) = 4*w**2 - 2*w + 1. Suppose -2*z + 4*u + 6 = 0, -2*u + 0 - 2 = -2*z. Let d be ((-3)/((-9)/(-3)))/z. Give r(d).
3
Let j be -4 - -12*(-16)/(-4). Let h(c) = -21*c**2 + 15 + j*c**2 - c - 22*c**2. What is h(0)?
15
Let t(i) be the third derivative of -i**5/60 + i**4/3 - 7*i**3/6 + 91*i**2. Give t(6).
5
Suppose 4*s = 8*s - 16. Let v(z) = z**3 - 5*z**2 + 2*z + 1. Calculate v(s).
-7
Let r(h) = 3*h - 21. Let y(i) = -i + 18. Let l(c) = -5*r(c) - 6*y(c). Suppose -2*w = 2*j + 12, -3*w + 6 = 2*j + 20. Give l(w).
15
Let k(j) = j**2 - 4*j - 5. Let l = 0 + 44. Suppose -3*i = -56 + l. Give k(i).
-5
Let p(i) = i**3 + 9*i**2 - 10*i - 9. Let d be (200/(-70))/((-2)/(-7)). What is p(d)?
-9
Suppose 4*c - 25 = 3*s, 3*s - 14 = -4*c + 17. Suppose -c = 3*n - 5*h, -5*n + 0*h = 3*h - 11. Let g(x) = 4*x**3 + x. What is g(n)?
5
Let k(c) = -5*c**2 + 11*c - 8. Suppose 35 = 2*b + 25. Suppose -b = -m + 1. Let l(f) = 14*f**2 - 32*f + 23. Let p(w) = m*l(w) + 17*k(w). What is p(-5)?
2
Let t(n) = 2*n - 4. Let r = 5 + -8. Let g be r/(-6) - (-12)/8. Let z be 8 + ((-16)/g - -4). What is t(z)?
4
Let i be (-26)/(-117) - 932/(-18). Suppose i = 8*q - 28. Let w(h) = h - 17. Determine w(q).
-7
Let q(k) = -k**2 + 3*k + 4. Suppose 0*y - 14 = -y. Let c(d) = d. Let h(r) = -8*r - 1. Let f(l) = y*c(l) + 2*h(l). Let t be f(-3). Determine q(t).
0
Let c(n) = n**2 + n + 1. Suppose -9*b + 38 = -7. Suppose 17 = b*d - 2*g, -d = -3*d + 3*g + 9. What is c(d)?
13
Let r(w) = -1 - 58*w**3 - 60*w**3 + 121*w**3. Calculate r(-1).
-4
Suppose -38*j + 2*r - 46 = -34*j, 32 = -2*j + 4*r. Let z(m) = -5*m - 1. What is z(j)?
49
Let b(n) = n**2 + 3*n - 2. Let f(i) = i + 16. Let w be f(-19). Calculate b(w).
-2
Suppose -482*h = -492*h - 20. Let l(i) = -3*i**2 - i + 4. What is l(h)?
-6
Let n(s) = -s**3 + 0*s**3 + 5*s + 0 - 5*s**2 - 3 + 0*s**3. Let c be (-3)/6 - (-21)/2. Let p = -16 + c. Determine n(p).
3
Let k be 0 + (1 - 2) - (29 - 28). Let f(t) = -3 + 1 + 1 - t**2 - t. Let y(s) = -s**3 + 7*s**2 + 7*s + 10. Let i(l) = k*f(l) - y(l). Give i(6).
-2
Let u(x) be the first derivative of x**2/2 - 9*x + 6. Let d(m) = m. Let o(b) = -d(b) - u(b). What is o(6)?
-3
Let p be 18/(-81) - (-58)/18. Let t(i) = -32*i**2 + 63*i**2 - p - 32*i**2. Calculate t(0).
-3
Let w(i) = -4*i - 1. Let z be w(9). Let q = 35 + z. Let x(l) = -l**2 - l - 1. Give x(q).
-3
Suppose -h - 4*h - 5*o + 10 = 0, -o = 2*h. Let r(l) = -3*l**2 - 2*l - 3. Determine r(h).
-11
Suppose -4*n + 3*g - 17 + 48 = 0, 0 = -2*g - 2. Let z = -10 + n. Let d(v) = -101*v + 3 + 47*v + 52*v. What is d(z)?
9
Let z(g) = 3*g + 17. Let x(q) = q**3 - 6*q**2 - 22*q + 86. Let i be x(3). Give z(i).
-4
Suppose -7 = -3*y - u, -5*y - 3*u + 15 = 2*u. Let k(f) = -f + 5 - 1 + 28*f**y + 0*f - 29*f**2. Determine k(-3).
-2
Let j(o) be the third derivative of o**5/60 - o**4/4 + 2*o**3 - 2*o**2 + 237*o. What is j(3)?
3
Let w be (31 - 32)*(-20 + 0 + -1). Suppose 0*n - 4*n - 36 = -4*q, -5*n = -q + w. Let b(x) = -x**2 + 3*x + 6. Calculate b(q).
-12
Let j(f) = -f**2 - 4*f + 5. Let l(a) = -a**2 + 3*a + 5. Let b be l(3). Suppose -3 - 14 = -2*r - 5*y, -b*r - 35 = -3*y. Give j(r).
5
Let p(n) = n - 2*n**2 + 3*n + 7*n**3 - 5*n. Let h = 38 + -38. Suppose 3*x - 13 = -2*z - h*x, 5*z = 5*x - 30. Give p(z).
-8
Let h(z) = 1. Let i(c) = -c**2 - 2*c + 1. Let w(m) = 5*h(m) - 2*i(m). Calculate w(-2).
3
Let o(z) be the second derivative of z**5/20 + z**4/2 - 5*z**3/6 + 4*z**2 - 95*z. Give o(-7).
-6
Let g(r) be the second derivative of -7/10*r**5 + r + 1/6*r**3 + 0*r**2 + 0*r**4 + 2. Calculate g(-1).
13
Let l(n) be the first derivative of -n**2/2 - 3*n - 1. Suppose 190*u = 196*u + 30. Determine l(u).
2
Let b = 34 - 30. Let n be (2/(-5))/(4/(-60)). Let v(p) = n*p**2 + 2*p**3 - b - p**3 - 2*p + 8*p + 0*p**3. What is v(-5)?
-9
Let l(v) = 6*v - 1. Let z(d) = 2*d + 11. Let o be z(9). Suppose -4*r + o = -5*i, 4*i = -r + 4*r - 23. What is l(r)?
5
Suppose 2*d + d - 6 = 0. Suppose 5*v = 2*c + 3, -3*c - 5*v + 45 = d*c. Let k(r) = -r**2 + 4*r + 6. Give k(c).
-6
Let n(d) = 5*d - 24 + 27 - 24 - 7*d + 0. Determine n(-13).
5
Let h(f) = -15*f + 1. Let u = 778 + -780. Determine h(u).
31
Let q(s) = s - 1. Let c be 0 + 14*5/10. Suppose -2*y - 40 = -c*y. What is q(y)?
7
Let g(l) = l. Suppose -11*j + 53 + 35 = 0. Calculate g(j).
8
Suppose 11*z = 4*z + 7. Let d(g) = -38*g**3 + g - 1. What is d(z)?
-38
Let v(l) be the third derivative of l**9/60480 - l**8/5040 + l**7/1008 - l**6/240 - l**5/20 - 4*l**2. Let j(o) be the third derivative of v(o). Give j(3).
3
Let h(s) = s + 9. Let l be h(9). Let r = -15 + l. Let m(d) = -3 + 7 - r - 3*d. Give m(4).
-11
Let z(u) be the third derivative of -7*u**6/40 - u**5/30 + u**3/6 - 3*u**2 - 20. Calculate z(1).
-22
Let d(x) = 19*x**2 + 94*x + 4. Let l be d(-5). Let c(b) = b**3 - 7*b**2 - 18*b - 5. What is c(l)?
-5
Suppose -22 = 5*k - 7. Suppose -5*f - y = -12, 2*y + y = -5*f + 16. Let x(w) = 3*w**2 + f*w + w**2 - 4 - w - 2*w**2. Calculate x(k).
11
Suppose 12*v - 9*v = 4*b - 19, 3*v = 5*b - 26. Let k(n) = n**3 - 7*n**2 + 4*n + 6. What is k(b)?
34
Let o(w) = -w**2 + 12*w + 9. Let m = -66 + 79. Calculate o(m).
-4
Let r(z) be the third derivative of z**5/60 - z**4/6 - 7*z**3/6 + z**2. Let q be (9 - 6) + (-9 - -11). Give r(q).
-2
Suppose 0 = -23*h + 24*h + 6. Let w be -2 + 3/(h/(-4)). Suppose -4*q - 3*z - 1 = w, 3 = 2*q + z + 2. Let m(y) = -2*y. Calculate m(q).
-4
Let b(w) = 5*w**2 + w + 4. Let g(h) = -12*h**2 - 3*h - 8. Let j(a) = -7*b(a) - 3*g(a). Let l = 5 - 9. Give j(l).
4
Let f(s) = 4*s - 7. Suppose -19*k + 24*k = 3*b + 18, -b + k = 6. Give f(b).
-31
Let m(x) = -324*x**2 + 670*x**2 - 329*x**2 + x**3 + 0*x**3. Calculate m(-17).
0
Let k(x) = -68*x + 3*x**2 - x**3 + 34*x + 39*x - 2. Calculate k(4).
2
Let h(i) = -16*i**3 - 2*i**2 + 2*i - 9. Let u(l) = -2*l**3 - 1. Let g(o) = 2*h(o) - 18*u(o). Calculate g(1).
4
Let x(s) = s**3 + 5*s**2 - s + 2. Let o(t) = -t**3 - 4*t**2 + 4. Let n be o(-4). Suppose -n*k = 16 + 4. Determine x(k).
7
Let v(n) be the second derivative of 0 + 15*n + 1/6*n**3 - n**2 - 1/6*n**4. Determine v(2).
-8
Let p = 7 + -5. Let y(i) = 5 - 16 + 11 - i. Calculate y(p).
-2
Suppose 3*f = -f + 16. Let p(n) = n**3 - 4*n**2 - 4*n + 9. Let u(l) = -2*l**3 + 8*l**2 + 7*l - 17. Let o(s) = -7*p(s) - 4*u(s). Determine o(f).
5
Let u(p) be the third derivative of p**5/120 - 7*p**4/24 - 7*p**3/2 - 16*p**2. Let o(g) be the first derivative of u(g). Determine o(8).
1
Let s(h) = -h**3 + 5*h**2 + 8*h + 1. Let n be (-2)/1 - (-12 + -39). Let r be (-14)/(-4)*84/n. Calculate s(r).
13
Let x(f) = 10*f**3 - 1. Let z(n) = -n**3 - 8*n**2 + 1. Let h be z(-8). What is x(h)?
9
Let d(y) = 3 - 3*y + 2*y - 9 - y**2. Let h = -6941 + 6941. Determine d(h).
-6
Let h(k) = -k. Let v(o) = -8*o + 9. Let l(r) = 4*h(r) - v(r). Suppose 0 = -2*t + 6*g - 3*g + 6, 3*t = -5*g + 28. Determine l(t).
15
Let v(k) = 2*k**2 - 7*k - 12. Let z be v(-5). Let g(l) = -z + 0*l + 70 - l. Give g(-7).
4
Let u(f) be the first derivative of 0 - 2 + 2*f + f**2 + 4. Suppose -3*g = 2*d - 13, 3*d - 3 =